der when 1054 is divided by 550.
504
Calculate the remainder when 825747 is divided by 30.
27
Calculate the remainder when 9465 is divided by 2365.
5
Calculate the remainder when 643 is divided by 176.
115
What is the remainder when 2438 is divided by 681?
395
What is the remainder when 2650430 is divided by 34?
28
Calculate the remainder when 5411 is divided by 95.
91
What is the remainder when 1900 is divided by 886?
128
Calculate the remainder when 9276 is divided by 4613.
50
Calculate the remainder when 555 is divided by 164.
63
Calculate the remainder when 22683 is divided by 161.
143
What is the remainder when 25881 is divided by 227?
3
Calculate the remainder when 232105 is divided by 18.
13
What is the remainder when 271056 is divided by 135514?
28
What is the remainder when 20841 is divided by 1043?
1024
What is the remainder when 2495 is divided by 357?
353
Calculate the remainder when 296824 is divided by 1387.
6
What is the remainder when 202459 is divided by 764?
763
Calculate the remainder when 3666246 is divided by 8.
6
Calculate the remainder when 5031 is divided by 315.
306
What is the remainder when 77851 is divided by 72?
19
What is the remainder when 3135 is divided by 594?
165
Calculate the remainder when 36269 is divided by 1208.
29
What is the remainder when 667 is divided by 488?
179
What is the remainder when 3172 is divided by 212?
204
Calculate the remainder when 164433 is divided by 63.
3
What is the remainder when 546 is divided by 112?
98
What is the remainder when 1118 is divided by 492?
134
What is the remainder when 1685799 is divided by 276?
267
Calculate the remainder when 105433 is divided by 9580.
53
What is the remainder when 464086 is divided by 317?
315
Calculate the remainder when 1022 is divided by 120.
62
Calculate the remainder when 1746 is divided by 171.
36
Calculate the remainder when 119767 is divided by 39.
37
What is the remainder when 64720 is divided by 469?
467
Calculate the remainder when 18321 is divided by 187.
182
Calculate the remainder when 190914 is divided by 63636.
6
What is the remainder when 187948 is divided by 42?
40
Calculate the remainder when 1780 is divided by 591.
7
Calculate the remainder when 7507 is divided by 1212.
235
What is the remainder when 4512 is divided by 42?
18
Calculate the remainder when 34341 is divided by 106.
103
What is the remainder when 6370 is divided by 1059?
16
Calculate the remainder when 32083 is divided by 168.
163
What is the remainder when 123876 is divided by 51?
48
Calculate the remainder when 306850 is divided by 384.
34
Calculate the remainder when 4249 is divided by 532.
525
Calculate the remainder when 1188 is divided by 911.
277
What is the remainder when 34821 is divided by 3?
0
Calculate the remainder when 4660 is divided by 2318.
24
What is the remainder when 5207 is divided by 888?
767
Calculate the remainder when 8820 is divided by 2913.
81
What is the remainder when 27166 is divided by 1358?
6
Calculate the remainder when 6412 is divided by 2132.
16
What is the remainder when 47350 is divided by 1319?
1185
Calculate the remainder when 122878 is divided by 404.
62
Calculate the remainder when 32837 is divided by 16355.
127
What is the remainder when 73242 is divided by 117?
0
What is the remainder when 381008 is divided by 672?
656
What is the remainder when 8083 is divided by 73?
53
What is the remainder when 21147 is divided by 5275?
47
What is the remainder when 23885 is divided by 986?
221
Calculate the remainder when 8590 is divided by 2124.
94
Calculate the remainder when 30396 is divided by 51.
0
What is the remainder when 21281 is divided by 626?
623
What is the remainder when 257 is divided by 23?
4
What is the remainder when 2070 is divided by 105?
75
Calculate the remainder when 35342 is divided by 231.
230
What is the remainder when 2308 is divided by 1938?
370
Calculate the remainder when 990 is divided by 114.
78
Calculate the remainder when 22266 is divided by 112.
90
What is the remainder when 458321 is divided by 9?
5
What is the remainder when 64697 is divided by 187?
182
Calculate the remainder when 31714 is divided by 11.
1
What is the remainder when 275 is divided by 196?
79
What is the remainder when 50936 is divided by 2828?
32
What is the remainder when 14743 is divided by 3680?
23
What is the remainder when 7625 is divided by 29?
27
Calculate the remainder when 3501 is divided by 248.
29
Calculate the remainder when 1067 is divided by 35.
17
What is the remainder when 16404 is divided by 27?
15
What is the remainder when 1018 is divided by 250?
18
Calculate the remainder when 593557 is divided by 40.
37
Calculate the remainder when 3087 is divided by 673.
395
What is the remainder when 2699 is divided by 345?
284
What is the remainder when 8923 is divided by 49?
5
What is the remainder when 7314 is divided by 3569?
176
What is the remainder when 9129777 is divided by 110?
107
Calculate the remainder when 336616 is divided by 1233.
7
Calculate the remainder when 9895 is divided by 319.
6
Calculate the remainder when 32791 is divided by 200.
191
Calculate the remainder when 14190 is divided by 1279.
121
Calculate the remainder when 1690 is divided by 1672.
18
Calculate the remainder when 122670 is divided by 739.
735
Calculate the remainder when 55109 is divided by 305.
209
Calculate the remainder when 12743 is divided by 170.
163
Calculate the remainder when 11463 is divided by 42.
39
Calculate the remainder when 5201 is divided by 27.
17
Calculate the remainder when 313710 is divided by 164.
142
What is the remainder when 11461 is divided by 11448?
13
What is the remainder when 3970 is divided by 110?
10
What is the remainder when 27424 is divided by 9140?
4
What is the remainder when 182385 is divided by 1414?
1393
What is the remainder when 2069975 is divided by 23?
21
What is the remainder when 24996 is divided by 170?
6
What is the remainder when 76422 is divided by 197?
183
Calculate the remainder when 240668 is divided by 587.
585
Calculate the remainder when 71195 is divided by 23677.
164
What is the remainder when 22630 is divided by 22527?
103
What is the remainder when 1344460 is divided by 357?
355
What is the remainder when 162765 is divided by 2806?
17
What is the remainder when 50046 is divided by 17?
15
What is the remainder when 80146 is divided by 11432?
122
Calculate the remainder when 3854 is divided by 902.
246
Calculate the remainder when 5788 is divided by 338.
42
What is the remainder when 895111 is divided by 23?
20
What is the remainder when 1754 is divided by 1450?
304
What is the remainder when 10899 is divided by 474?
471
What is the remainder when 132416 is divided by 2006?
20
What is the remainder when 4525 is divided by 383?
312
Calculate the remainder when 314199 is divided by 424.
15
What is the remainder when 2314 is divided by 583?
565
What is the remainder when 31486 is divided by 700?
686
Calculate the remainder when 120276 is divided by 30.
6
What is the remainder when 15178 is divided by 44?
42
Calculate the remainder when 1049 is divided by 346.
11
Calculate the remainder when 167022 is divided by 584.
582
Calculate the remainder when 102307 is divided by 1023.
7
What is the remainder when 45090 is divided by 980?
10
What is the remainder when 8156 is divided by 23?
14
What is the remainder when 87097 is divided by 26?
23
Calculate the remainder when 3769 is divided by 417.
16
Calculate the remainder when 8873 is divided by 1107.
17
What is the remainder when 12831 is divided by 54?
33
Calculate the remainder when 831862 is divided by 66.
64
What is the remainder when 23827 is divided by 331?
326
Calculate the remainder when 7273 is divided by 609.
574
What is the remainder when 2015 is divided by 727?
561
Calculate the remainder when 10737 is divided by 138.
111
What is the remainder when 128322 is divided by 14258?
0
What is the remainder when 34119 is divided by 8?
7
Calculate the remainder when 24318 is divided by 320.
318
What is the remainder when 2707 is divided by 254?
167
Calculate the remainder when 228696 is divided by 142.
76
Calculate the remainder when 17494 is divided by 124.
10
What is the remainder when 7242 is divided by 605?
587
Calculate the re